5 and 105?
15
What is the greatest common factor of 3392 and 1484?
212
What is the highest common divisor of 171 and 57?
57
What is the greatest common divisor of 120 and 2000?
40
Calculate the highest common divisor of 220 and 132.
44
What is the highest common divisor of 10 and 360?
10
Calculate the highest common factor of 1107 and 18.
9
Calculate the greatest common divisor of 768 and 24.
24
What is the highest common factor of 16 and 4392?
8
Calculate the greatest common divisor of 4 and 44.
4
What is the greatest common factor of 24 and 23208?
24
Calculate the highest common factor of 70 and 70.
70
What is the highest common factor of 567 and 945?
189
Calculate the highest common factor of 165 and 405.
15
What is the highest common factor of 327 and 109?
109
Calculate the highest common factor of 83820 and 44.
44
What is the highest common factor of 11058 and 114?
114
Calculate the greatest common divisor of 54 and 6.
6
What is the highest common divisor of 122 and 226?
2
What is the greatest common factor of 1182 and 30?
6
What is the highest common factor of 441 and 18?
9
What is the greatest common factor of 2343 and 355?
71
Calculate the highest common divisor of 99 and 429.
33
What is the highest common divisor of 10444 and 56?
28
Calculate the greatest common divisor of 1000 and 8.
8
What is the greatest common divisor of 18 and 576?
18
Calculate the greatest common factor of 72 and 408.
24
Calculate the highest common divisor of 2686 and 85.
17
What is the highest common divisor of 35 and 1295?
35
What is the highest common factor of 60 and 1590?
30
What is the highest common factor of 62 and 5549?
31
Calculate the highest common factor of 19 and 684.
19
Calculate the greatest common divisor of 280 and 245.
35
What is the highest common divisor of 14 and 8?
2
What is the highest common divisor of 385 and 3355?
55
What is the highest common divisor of 1568 and 128?
32
What is the greatest common divisor of 188 and 176?
4
What is the greatest common divisor of 351 and 621?
27
Calculate the greatest common factor of 22 and 869.
11
Calculate the highest common divisor of 512 and 80.
16
What is the highest common divisor of 28 and 216?
4
Calculate the highest common factor of 44 and 33.
11
Calculate the highest common factor of 480 and 15.
15
Calculate the greatest common divisor of 168 and 8400.
168
Calculate the highest common factor of 1952 and 5.
1
What is the greatest common factor of 31 and 4929?
31
What is the highest common divisor of 13 and 91?
13
What is the greatest common factor of 80 and 55?
5
What is the greatest common divisor of 6318 and 104?
26
What is the highest common divisor of 65 and 1157?
13
What is the greatest common factor of 99 and 572?
11
What is the highest common divisor of 15517 and 526?
263
Calculate the greatest common factor of 970 and 25.
5
What is the greatest common factor of 5 and 6155?
5
Calculate the highest common factor of 77 and 44.
11
Calculate the greatest common factor of 150 and 320.
10
Calculate the greatest common factor of 300 and 4300.
100
What is the greatest common divisor of 169 and 689?
13
Calculate the highest common divisor of 51 and 527.
17
Calculate the greatest common divisor of 1 and 1024.
1
Calculate the greatest common factor of 1705 and 55.
55
What is the highest common factor of 79 and 1?
1
Calculate the highest common divisor of 36 and 66.
6
Calculate the highest common factor of 56848 and 19.
19
Calculate the highest common factor of 1113 and 21.
21
Calculate the greatest common divisor of 65 and 2080.
65
What is the highest common factor of 33 and 77?
11
Calculate the greatest common factor of 63 and 2905.
7
Calculate the highest common divisor of 768 and 624.
48
Calculate the greatest common factor of 8094 and 1938.
114
Calculate the highest common factor of 3597 and 218.
109
What is the greatest common divisor of 255 and 1245?
15
What is the greatest common factor of 91 and 28?
7
What is the highest common divisor of 875 and 7?
7
Calculate the greatest common factor of 120 and 15.
15
What is the highest common factor of 346 and 4?
2
Calculate the highest common divisor of 800 and 50.
50
Calculate the highest common factor of 1 and 317.
1
Calculate the highest common factor of 1175 and 450.
25
What is the highest common divisor of 660 and 627?
33
Calculate the highest common factor of 40 and 340.
20
What is the highest common divisor of 92 and 3956?
92
What is the greatest common divisor of 5 and 635?
5
Calculate the highest common factor of 20 and 400.
20
What is the highest common factor of 74 and 666?
74
Calculate the highest common factor of 180 and 90.
90
Calculate the greatest common factor of 112 and 266.
14
What is the greatest common divisor of 34 and 51?
17
What is the highest common factor of 1547 and 170?
17
What is the highest common divisor of 32 and 11168?
32
Calculate the highest common divisor of 555 and 45.
15
Calculate the greatest common factor of 378 and 3339.
63
Calculate the greatest common factor of 23 and 115.
23
What is the highest common divisor of 30 and 770?
10
Calculate the greatest common factor of 40 and 9640.
40
What is the greatest common divisor of 14 and 112?
14
Calculate the greatest common divisor of 921 and 3.
3
What is the highest common factor of 4097 and 85?
17
What is the highest common factor of 222 and 999?
111
Calculate the highest common factor of 11 and 29909.
11
What is the highest common factor of 18 and 678?
6
Calculate the greatest common divisor of 11154 and 132.
66
Calculate the greatest common factor of 56 and 3164.
28
What is the greatest common factor of 216 and 40?
8
Calculate the greatest common factor of 354 and 66.
6
Calculate the highest common factor of 59 and 24013.
59
Calculate the greatest common divisor of 106 and 9434.
106
What is the greatest common divisor of 518 and 814?
74
What is the highest common divisor of 408 and 1496?
136
Calculate the highest common factor of 114 and 1083.
57
What is the greatest common divisor of 99 and 22?
11
Calculate the highest common divisor of 136 and 2125.
17
What is the highest common factor of 792 and 880?
88
What is the greatest common factor of 405 and 81?
81
Calculate the greatest common divisor of 22 and 62.
2
Calculate the greatest common divisor of 56 and 952.
56
What is the highest common factor of 1981 and 7?
7
Calculate the highest common divisor of 48 and 66.
6
What is the greatest common factor of 8 and 28?
4
What is the greatest common divisor of 32 and 16?
16
What is the highest common factor of 25 and 3?
1
What is the greatest common divisor of 47 and 3901?
47
Calculate the highest common factor of 2628 and 36.
36
What is the greatest common divisor of 462 and 330?
66
Calculate the greatest common divisor of 992 and 64.
32
What is the greatest common factor of 10 and 19790?
10
What is the greatest common factor of 13 and 299?
13
Calculate the highest common divisor of 1196 and 676.
52
Calculate the highest common divisor of 342 and 18.
18
Calculate the highest common divisor of 42 and 210.
42
Calculate the greatest common divisor of 20 and 940.
20
Calculate the greatest common factor of 1395 and 18.
9
What is the greatest common divisor of 815 and 5?
5
Calculate the greatest common factor of 399 and 21.
21
What is the greatest common factor of 3411 and 72?
9
Calculate the greatest common factor of 425 and 51.
17
What is the greatest common factor of 9 and 1?
1
Calculate the highest common divisor of 1512 and 14.
14
Calculate the highest common factor of 1000 and 104.
8
Calculate the highest common divisor of 30 and 135.
15
What is the greatest common factor of 20 and 5500?
20
Calculate the greatest common divisor of 82 and 574.
82
Calculate the highest common divisor of 130 and 490.
10
Calculate the greatest common divisor of 755 and 20.
5
What is the greatest common divisor of 6540 and 5?
5
What is the highest common divisor of 270 and 702?
54
Calculate the highest common divisor of 2708 and 4.
4
What is the greatest common divisor of 23 and 368?
23
What is the highest common divisor of 68 and 1258?
34
Calculate the highest common divisor of 15824 and 92.
92
Calculate the highest common factor of 55 and 145.
5
Calculate the highest common divis